{"id":607,"date":"2025-03-12T08:48:16","date_gmt":"2025-03-12T07:48:16","guid":{"rendered":"http:\/\/pflanzenmarkt.hamburg\/?page_id=607"},"modified":"2026-01-12T13:37:37","modified_gmt":"2026-01-12T12:37:37","slug":"aussteller-2025","status":"publish","type":"page","link":"http:\/\/pflanzenmarkt.hamburg\/?page_id=607","title":{"rendered":"Aussteller 2025"},"content":{"rendered":"\n<p>Beim Hamburger Pflanzenmarkt am 06.04.2025 waren u. a. folgende Aussteller dabei:<\/p>\n\n\n<table>\n<tbody>\n<tr>\n<td><span style=\"font-size: 18px;\">Heinz Gerd Abraham<\/span><\/td>\n<td><span style=\"font-size: 18px;\">Fr\u00fchjahrsbl\u00fcher, Gem\u00fcsepflanzen<\/span><\/td>\n<td><\/td>\n<\/tr>\n<tr>\n<td><span style=\"font-size: 18px;\">Lilli Albrecht<\/span><\/td>\n<td><span style=\"font-size: 18px;\">Wildkr\u00e4uterp\u00e4dagogin<\/span><\/td>\n<td><span style=\"font-size: 16px;\"><a style=\"color: #3366ff;\" href=\"https:\/\/www.lillis-kraeuterpfad.de\" target=\"_blank\" rel=\"noopener\">https:\/\/www.lillis-kraeuterpfad.de<\/a><\/span><\/td>\n<\/tr>\n<tr>\n<td><span style=\"font-size: 18px;\">Alsterarbeit &#8211; Alsterg\u00e4rtner<\/span><\/td>\n<td><span style=\"font-size: 18px;\">Stauden, Kr\u00e4uter<\/span><\/td>\n<td><span style=\"font-size: 16px;\"><a style=\"color: #3366ff;\" href=\"https:\/\/www.alsterarbeit.de\/betriebsstaetten-und-standorte\/alstergaertner\" target=\"_blank\" rel=\"noopener\">https:\/\/www.alsterarbeit.de\/betriebsstaetten-und-standorte\/alstergaertner<\/a><\/span><\/td>\n<\/tr>\n<tr>\n<td><span style=\"font-size: 18px;\">Eckart Brandt<\/span><\/td>\n<td><span style=\"font-size: 18px;\">Obstb\u00e4ume in alten Sorten<\/span><\/td>\n<td><span style=\"font-size: 16px;\"><a style=\"color: #3366ff;\" href=\"https:\/\/www.boomgarden.de\" target=\"_blank\" rel=\"noopener\">www.boomgarden.de<\/a><\/span><\/td>\n<\/tr>\n<tr>\n<td><span style=\"font-size: 18px;\">Das gr\u00fcne Kollektiv &#8211; Durch Erleben lernen e.V.<\/span><\/td>\n<td><span style=\"font-size: 18px;\">Sch\u00fclerfirma mit Jungpflanzen<\/span><\/td>\n<td><span style=\"font-size: 16px;\"><a style=\"color: #3366ff;\" href=\"https:\/\/www.das-gruene-kollektiv.de\/de\" target=\"_blank\" rel=\"noopener\">www.das-gruene-kollektiv.de<\/a><\/span><\/td>\n<\/tr>\n<tr>\n<td><span style=\"font-size: 18px;\">De Wit<\/span><\/td>\n<td><span style=\"font-size: 18px;\">Hochwertige Gartenger\u00e4te<\/span><\/td>\n<td><span style=\"font-size: 16px;\"><a style=\"color: #3366ff;\" href=\"https:\/\/dewitonline.de\" target=\"_blank\" rel=\"noopener\">dewitonline.de<\/a><\/span><\/td>\n<\/tr>\n<tr>\n<td><span style=\"font-size: 18px;\">Die Sachenmacher<\/span><\/td>\n<td><span style=\"font-size: 18px;\">Treibholzfundst\u00fccke mit Eisen\/Stein\/Keramik<\/span><\/td>\n<td><span style=\"font-size: 16px;\"><a style=\"color: #3366ff;\" href=\"https:\/\/diesachenmacher.de\" target=\"_blank\" rel=\"noopener\">www.diesachenmacher.de<\/a><\/span><\/td>\n<\/tr>\n<tr>\n<td><span style=\"font-size: 18px;\">Erlebnisgarten Hamburg<\/span><\/td>\n<td><span style=\"font-size: 18px;\">Bioland Kr\u00e4uter und Gem\u00fcsejungpflanzen<\/span><\/td>\n<td><span style=\"font-size: 16px;\"><a style=\"color: #3366ff;\" href=\"https:\/\/www.erlebnisgarten-hamburg.de\" target=\"_blank\" rel=\"noopener\">www.erlebnisgarten-hamburg.de<\/a><\/span><\/td>\n<\/tr>\n<tr>\n<td><span style=\"font-size: 18px;\">Malte Fischer<\/span><\/td>\n<td><span style=\"font-size: 18px;\">Kamelienkulturen<\/span><\/td>\n<td><span style=\"font-size: 16px;\"><a style=\"color: #3366ff;\" href=\"https:\/\/www.kamelie.de\" target=\"_blank\" rel=\"noopener\">www.kamelie.de<\/a><\/span><\/td>\n<\/tr>\n<tr>\n<td><span style=\"font-size: 18px;\">GdS-Regionalgruppe Hamburg<\/span><\/td>\n<td><span style=\"font-size: 18px;\">Informationsstand<\/span><\/td>\n<td><span style=\"font-size: 16px;\"><a style=\"color: #3366ff;\" href=\"https:\/\/www.gds-staudenfreunde.de\/regionalgruppe-hamburg\" target=\"_blank\" rel=\"noopener\">www.gds-staudenfreunde.de\/regionalgruppe-hamburg<\/a><\/span><\/td>\n<\/tr>\n<tr>\n<td><span style=\"font-size: 18px;\">Anja Goldmann<\/span><\/td>\n<td><span style=\"font-size: 18px;\">Edelsteine f\u00fcr Heilzwecke<\/span><\/td>\n<td><\/td>\n<\/tr>\n<tr>\n<td><span style=\"font-size: 18px;\">Angela Hachmeister<\/span><\/td>\n<td><span style=\"font-size: 18px;\">Gartengestaltung \/ Permakultur, Insektennisthilfen<\/span><\/td>\n<td><span style=\"font-size: 16px;\"><a style=\"color: #3366ff;\" href=\"https:\/\/beetundbiene.de\" target=\"_blank\" rel=\"noopener\">https:\/\/beetundbiene.de<\/a><\/span><\/td>\n<\/tr>\n<tr>\n<td><span style=\"font-size: 18px;\">Angela Hardt<\/span><\/td>\n<td><span style=\"font-size: 18px;\">Handgefertigte Pflanzen\u00f6lseifen<\/span><\/td>\n<td><span style=\"font-size: 16px;\"><a style=\"color: #3366ff;\" href=\"\" target=\"_blank\" rel=\"noopener\"><\/a><\/span><\/td>\n<\/tr>\n<tr>\n<td><span style=\"font-size: 18px;\">Herb&#8217;s Bioland G\u00e4rtnerei<\/span><\/td>\n<td><span style=\"font-size: 18px;\">Bioland Gem\u00fcsepflanzen &amp; Wildstauden<\/span><\/td>\n<td><span style=\"font-size: 16px;\"><a style=\"color: #3366ff;\" href=\"https:\/\/herb-s.de\" target=\"_blank\" rel=\"noopener\">herb-s.de<\/a><\/span><\/td>\n<\/tr>\n<tr>\n<td><span style=\"font-size: 18px;\">Karen Hess<\/span><\/td>\n<td><span style=\"font-size: 18px;\">Zwiebelpflanzen im Topf, Stauden, Gr\u00e4ser<\/span><\/td>\n<td><\/td>\n<\/tr>\n<tr>\n<td><span style=\"font-size: 18px;\">Rarit\u00e4ten-Baumschule Bernd Kalettka<\/span><\/td>\n<td><span style=\"font-size: 18px;\">Geh\u00f6lze, Rarit\u00e4ten, Beerenstr\u00e4ucher<\/span><\/td>\n<td><\/td>\n<\/tr>\n<tr>\n<td><span style=\"font-size: 18px;\">Staudenkulturen Klingel &amp; Luckhardt<\/span><\/td>\n<td><span style=\"font-size: 18px;\">ausgew\u00e4hlte Staudensortimente f\u00fcr Licht &amp; Schatten<\/span><\/td>\n<td><span style=\"font-size: 16px;\"><a style=\"color: #3366ff;\" href=\"https:\/\/www.stauden-klingel-luckhardt.de\" target=\"_blank\" rel=\"noopener\">www.stauden-klingel-luckhardt.de<\/a><\/span><\/td>\n<\/tr>\n<tr>\n<td><span style=\"font-size: 18px;\">Kr\u00e4uter-Gefl\u00fcster<\/span><\/td>\n<td><span style=\"font-size: 18px;\">Heil- und K\u00fcchenkr\u00e4uter, Beerenobst<\/span><\/td>\n<td><span style=\"font-size: 16px;\"><a style=\"color: #3366ff;\" href=\"https:\/\/kraeuter-gefluester.de\" target=\"_blank\" rel=\"noopener\">kraeuter-gefluester.de<\/a><\/span><\/td>\n<\/tr>\n<tr>\n<td><span style=\"font-size: 18px;\">Kr\u00e4uter-Simon<\/span><\/td>\n<td><span style=\"font-size: 18px;\">Bioland-Kr\u00e4uter und -Duftpflanzen <\/span><\/td>\n<td><span style=\"font-size: 16px;\"><a style=\"color: #3366ff;\" href=\"https:\/\/www.kraeuter-simon.com\" target=\"_blank\" rel=\"noopener\">www.kraeuter-simon.com<\/a><\/span><\/td>\n<\/tr>\n<tr>\n<td><span style=\"font-size: 18px;\">Loki-Schmidt-Stiftung<\/span><\/td>\n<td><span style=\"font-size: 18px;\">Blume des Jahres, Infomaterial<\/span><\/td>\n<td><span style=\"font-size: 16px;\"><a style=\"color: #3366ff;\" href=\"https:\/\/loki-schmidt-stiftung.de\" target=\"_blank\" rel=\"noopener\">loki-schmidt-stiftung.de<\/a><\/span><\/td>\n<\/tr>\n<tr>\n<td><span style=\"font-size: 18px;\">M\u00e4hlmann Gartendeko<\/span><\/td>\n<td><span style=\"font-size: 18px;\">Zink-Gartendeko, alte Gartenger\u00e4te<\/span><\/td>\n<td><\/td>\n<\/tr>\n<tr>\n<td><span style=\"font-size: 18px;\">Kr\u00e4uter- u. Staudeng\u00e4rtnerei Frederik Moos<\/span><\/td>\n<td><span style=\"font-size: 18px;\">Kr\u00e4uter und Stauden<\/span><\/td>\n<td><span style=\"font-size: 16px;\"><a style=\"color: #3366ff;\" href=\"https:\/\/www.gaertnerei-moos.de\/wp\" target=\"_blank\" rel=\"noopener\">www.gaertnerei-moos.de<\/a><\/span><\/td>\n<\/tr>\n<tr>\n<td><span style=\"font-size: 18px;\">M\u00fcnster Baumschulen<\/span><\/td>\n<td><span style=\"font-size: 18px;\">Clematis, Schlinger, Laub- und Nadelgeh\u00f6lze<\/span><\/td>\n<td><span style=\"font-size: 16px;\"><a style=\"color: #3366ff;\" href=\"https:\/\/www.clematis-muenster.de\" target=\"_blank\" rel=\"noopener\">www.clematis-muenster.de<\/a><\/span><\/td>\n<\/tr>\n<tr>\n<td><span style=\"font-size: 18px;\">NABU Bramfeld-Ohlsdorf-Barmbek<\/span><\/td>\n<td><span style=\"font-size: 18px;\">Heimische Pflanzen, Saaten vom NABU-Naturgarten<\/span><\/td>\n<td><span style=\"font-size: 16px;\"><a style=\"color: #3366ff;\" href=\"https:\/\/hamburg.nabu.de\/wir-ueber-uns\/stadtteilgruppen\/bramfeld-ohlsdorf-barmbek\/17624.html\" target=\"_blank\" rel=\"noopener\">https:\/\/hamburg.nabu.de\/wir-ueber-uns\/stadtteilgruppen\/bramfeld-ohlsdorf-barmbek\/17624.html<\/a><\/span><\/td>\n<\/tr>\n<tr>\n<td><span style=\"font-size: 18px;\">Naturgarten Regionalgruppe Hamburg<\/span><\/td>\n<td><span style=\"font-size: 18px;\">Info, Saat, Literatur<\/span><\/td>\n<td><span style=\"font-size: 16px;\"><a style=\"color: #3366ff;\" href=\"https:\/\/naturgarten.org\/regionalgruppe-hamburg\/\" target=\"_blank\" rel=\"noopener\">https:\/\/naturgarten.org\/regionalgruppe-hamburg\/<\/a><\/span><\/td>\n<\/tr>\n<tr>\n<td><span style=\"font-size: 18px;\">G\u00e4rtnerei Palatini<\/span><\/td>\n<td><span style=\"font-size: 18px;\">Gem\u00fcsejungpflanzen, Besonderheiten<\/span><\/td>\n<td><span style=\"font-size: 16px;\"><a style=\"color: #3366ff;\" href=\"https:\/\/www.gaertnerei-palatini.de\" target=\"_blank\" rel=\"noopener\">www.gaertnerei-palatini.de<\/a><\/span><\/td>\n<\/tr>\n<tr>\n<td><span style=\"font-size: 18px;\">PaLS Permakulturpark<\/span><\/td>\n<td><span style=\"font-size: 18px;\">Handverlesenes Gem\u00fcsesaatgut (Bioland zertifiziert)<\/span><\/td>\n<td><span style=\"font-size: 16px;\"><a style=\"color: #3366ff;\" href=\"https:\/\/permakulturpark.de\" target=\"_blank\" rel=\"noopener\">permakulturpark.de<\/a><\/span><\/td>\n<\/tr>\n<tr>\n<td><span style=\"font-size: 18px;\">G\u00e4rtnerei Piepereit<\/span><\/td>\n<td><span style=\"font-size: 18px;\">Stauden, Sommerblumen, Rosen<\/span><\/td>\n<td><span style=\"font-size: 16px;\"><a style=\"color: #3366ff;\" href=\"https:\/\/gaertnerei-piepereit.de\" target=\"_blank\" rel=\"noopener\">https:\/\/gaertnerei-piepereit.de<\/a><\/span><\/td>\n<\/tr>\n<tr>\n<td><span style=\"font-size: 18px;\">SinnlosSch\u00f6n<\/span><\/td>\n<td><span style=\"font-size: 18px;\">Filzdesign<\/span><\/td>\n<td><span style=\"font-size: 16px;\"><a style=\"color: #3366ff;\" href=\"https:\/\/www.sinnlosschoen-filzdesign.de\" target=\"_blank\" rel=\"noopener\">www.sinnlosschoen-filzdesign.de<\/a><\/span><\/td>\n<\/tr>\n<tr>\n<td><span style=\"font-size: 18px;\">Stadtgarten EssBar<\/span><\/td>\n<td><span style=\"font-size: 18px;\">Jungpflanzen, Info Stadtgartenbau<\/span><\/td>\n<td><span style=\"font-size: 16px;\"><a style=\"color: #3366ff;\" href=\"https:\/\/stadtgartenessbar.de\" target=\"_blank\" rel=\"noopener\">stadtgartenessbar.de<\/a><\/span><\/td>\n<\/tr>\n<tr>\n<td><span style=\"font-size: 18px;\">Verein zur Erhaltung der Nutzpflanzenvielfalt<\/span><\/td>\n<td><span style=\"font-size: 18px;\">Saatgut, Infomaterial<\/span><\/td>\n<td><span style=\"font-size: 16px;\"><a style=\"color: #3366ff;\" href=\"https:\/\/www.nutzpflanzenvielfalt.de\" target=\"_blank\" rel=\"noopener\">https:\/\/www.nutzpflanzenvielfalt.de<\/a><\/span><\/td>\n<\/tr>\n<tr>\n<td><span style=\"font-size: 18px;\">Bio-G\u00e4rtnerei von Elling<\/span><\/td>\n<td><span style=\"font-size: 18px;\">Geh\u00f6lze, Str\u00e4ucher und D\u00fcnger<\/span><\/td>\n<td><span style=\"font-size: 16px;\"><a style=\"color: #3366ff;\" href=\"https:\/\/bio-g\u00e4rtnerei-von-elling.de\" target=\"_blank\" rel=\"noopener\">bio-g\u00e4rtnerei-von-elling.de<\/a><\/span><\/td>\n<\/tr>\n<tr>\n<td><span style=\"font-size: 18px;\">Staudeng\u00e4rtnerei Wildwuchs<\/span><\/td>\n<td><span style=\"font-size: 18px;\">Wildstauden und -gem\u00fcse<\/span><\/td>\n<td><\/td>\n<\/tr>\n<tr>\n<td><span style=\"font-size: 18px;\">Wurmkontor<\/span><\/td>\n<td><span style=\"font-size: 18px;\">Wurmhumus, org. D\u00fcnger, Bodenverbesserer<\/span><\/td>\n<td><span style=\"font-size: 16px;\"><a style=\"color: #3366ff;\" href=\"https:\/\/www.wurmkontor.de\" target=\"_blank\" rel=\"noopener\">www.wurmkontor.de<\/a><\/span><\/td>\n<\/tr>\n<\/tbody>\n<\/table>","protected":false},"excerpt":{"rendered":"<p>Beim Hamburger Pflanzenmarkt am 06.04.2025 waren u. a. folgende Aussteller dabei: Heinz Gerd Abraham Fr\u00fchjahrsbl\u00fcher, Gem\u00fcsepflanzen Lilli Albrecht Wildkr\u00e4uterp\u00e4dagogin https:\/\/www.lillis-kraeuterpfad.de Alsterarbeit &#8211; Alsterg\u00e4rtner Stauden, Kr\u00e4uter https:\/\/www.alsterarbeit.de\/betriebsstaetten-und-standorte\/alstergaertner Eckart Brandt Obstb\u00e4ume in alten Sorten www.boomgarden.de Das gr\u00fcne Kollektiv &#8211; Durch Erleben lernen e.V. Sch\u00fclerfirma mit Jungpflanzen www.das-gruene-kollektiv.de De Wit Hochwertige Gartenger\u00e4te dewitonline.de\u2026<\/p>\n<p> <a class=\"continue-reading-link\" href=\"http:\/\/pflanzenmarkt.hamburg\/?page_id=607\"><span>Continue reading<\/span><i class=\"crycon-right-dir\"><\/i><\/a> <\/p>\n","protected":false},"author":1,"featured_media":0,"parent":0,"menu_order":0,"comment_status":"closed","ping_status":"closed","template":"","meta":{"footnotes":""},"class_list":["post-607","page","type-page","status-publish","hentry"],"_links":{"self":[{"href":"http:\/\/pflanzenmarkt.hamburg\/index.php?rest_route=\/wp\/v2\/pages\/607","targetHints":{"allow":["GET"]}}],"collection":[{"href":"http:\/\/pflanzenmarkt.hamburg\/index.php?rest_route=\/wp\/v2\/pages"}],"about":[{"href":"http:\/\/pflanzenmarkt.hamburg\/index.php?rest_route=\/wp\/v2\/types\/page"}],"author":[{"embeddable":true,"href":"http:\/\/pflanzenmarkt.hamburg\/index.php?rest_route=\/wp\/v2\/users\/1"}],"replies":[{"embeddable":true,"href":"http:\/\/pflanzenmarkt.hamburg\/index.php?rest_route=%2Fwp%2Fv2%2Fcomments&post=607"}],"version-history":[{"count":7,"href":"http:\/\/pflanzenmarkt.hamburg\/index.php?rest_route=\/wp\/v2\/pages\/607\/revisions"}],"predecessor-version":[{"id":621,"href":"http:\/\/pflanzenmarkt.hamburg\/index.php?rest_route=\/wp\/v2\/pages\/607\/revisions\/621"}],"wp:attachment":[{"href":"http:\/\/pflanzenmarkt.hamburg\/index.php?rest_route=%2Fwp%2Fv2%2Fmedia&parent=607"}],"curies":[{"name":"wp","href":"https:\/\/api.w.org\/{rel}","templated":true}]}}